{"id":18529,"date":"2023-01-31T12:58:44","date_gmt":"2023-01-31T11:58:44","guid":{"rendered":"https:\/\/www.slovenia-convention.com\/wp-content\/uploads\/Mesecev-zaliv_foto_Jaka-Ivancic.jpg"},"modified":"2023-01-31T12:59:10","modified_gmt":"2023-01-31T11:59:10","slug":"mesecev-zaliv_foto_jaka-ivancic","status":"inherit","type":"attachment","link":"https:\/\/www.slovenia-convention.com\/sl\/love-istria-ima-novo-spletno-stran\/mesecev-zaliv_foto_jaka-ivancic\/","title":{"rendered":"Mese\u010dev zaliv_foto_Jaka Ivan\u010di\u010d"},"author":2,"featured_media":0,"comment_status":"closed","ping_status":"closed","template":"","meta":{"_acf_changed":false},"class_list":["post-18529","attachment","type-attachment","status-inherit"],"acf":[],"description":{"rendered":"<p class=\"attachment\"><a href='https:\/\/www.slovenia-convention.com\/wp-content\/uploads\/Mesecev-zaliv_foto_Jaka-Ivancic.jpg'><img loading=\"lazy\" decoding=\"async\" width=\"300\" height=\"300\" src=\"https:\/\/www.slovenia-convention.com\/wp-content\/uploads\/Mesecev-zaliv_foto_Jaka-Ivancic-300x300.jpg\" class=\"attachment-medium size-medium\" alt=\"Mese\u010dev zaliv, Jaka Ivan\u010di\u010d\" srcset=\"https:\/\/www.slovenia-convention.com\/wp-content\/uploads\/Mesecev-zaliv_foto_Jaka-Ivancic-300x300.jpg 300w, https:\/\/www.slovenia-convention.com\/wp-content\/uploads\/Mesecev-zaliv_foto_Jaka-Ivancic-150x150.jpg 150w\" sizes=\"auto, (max-width: 300px) 100vw, 300px\" \/><\/a><\/p>\n<p>Mese\u010dev zaliv_foto_Jaka Ivan\u010di\u010d<\/p>\n"},"caption":{"rendered":"<p>Mese\u010dev zaliv_foto_Jaka Ivan\u010di\u010d<\/p>\n"},"alt_text":"Mese\u010dev zaliv, Jaka Ivan\u010di\u010d","media_type":"image","mime_type":"image\/jpeg","media_details":{"width":1600,"height":1067,"file":"Mesecev-zaliv_foto_Jaka-Ivancic.jpg","filesize":824740,"sizes":{"medium":{"file":"Mesecev-zaliv_foto_Jaka-Ivancic-300x300.jpg","width":300,"height":300,"filesize":21575,"mime_type":"image\/jpeg","source_url":"https:\/\/www.slovenia-convention.com\/wp-content\/uploads\/Mesecev-zaliv_foto_Jaka-Ivancic-300x300.jpg"},"large":{"file":"Mesecev-zaliv_foto_Jaka-Ivancic-1024x683.jpg","width":1024,"height":683,"filesize":135891,"mime_type":"image\/jpeg","source_url":"https:\/\/www.slovenia-convention.com\/wp-content\/uploads\/Mesecev-zaliv_foto_Jaka-Ivancic-1024x683.jpg"},"thumbnail":{"file":"Mesecev-zaliv_foto_Jaka-Ivancic-150x150.jpg","width":150,"height":150,"filesize":6498,"mime_type":"image\/jpeg","source_url":"https:\/\/www.slovenia-convention.com\/wp-content\/uploads\/Mesecev-zaliv_foto_Jaka-Ivancic-150x150.jpg"},"medium_large":{"file":"Mesecev-zaliv_foto_Jaka-Ivancic-768x512.jpg","width":768,"height":512,"filesize":80372,"mime_type":"image\/jpeg","source_url":"https:\/\/www.slovenia-convention.com\/wp-content\/uploads\/Mesecev-zaliv_foto_Jaka-Ivancic-768x512.jpg"},"1536x1536":{"file":"Mesecev-zaliv_foto_Jaka-Ivancic-1536x1024.jpg","width":1536,"height":1024,"filesize":276914,"mime_type":"image\/jpeg","source_url":"https:\/\/www.slovenia-convention.com\/wp-content\/uploads\/Mesecev-zaliv_foto_Jaka-Ivancic-1536x1024.jpg"},"td_218x150":{"file":"Mesecev-zaliv_foto_Jaka-Ivancic-218x150.jpg","width":218,"height":150,"filesize":8557,"mime_type":"image\/jpeg","source_url":"https:\/\/www.slovenia-convention.com\/wp-content\/uploads\/Mesecev-zaliv_foto_Jaka-Ivancic-218x150.jpg"},"td_324x400":{"file":"Mesecev-zaliv_foto_Jaka-Ivancic-324x400.jpg","width":324,"height":400,"filesize":30330,"mime_type":"image\/jpeg","source_url":"https:\/\/www.slovenia-convention.com\/wp-content\/uploads\/Mesecev-zaliv_foto_Jaka-Ivancic-324x400.jpg"},"td_485x360":{"file":"Mesecev-zaliv_foto_Jaka-Ivancic-485x360.jpg","width":485,"height":360,"filesize":38219,"mime_type":"image\/jpeg","source_url":"https:\/\/www.slovenia-convention.com\/wp-content\/uploads\/Mesecev-zaliv_foto_Jaka-Ivancic-485x360.jpg"},"td_696x0":{"file":"Mesecev-zaliv_foto_Jaka-Ivancic-696x464.jpg","width":696,"height":464,"filesize":66821,"mime_type":"image\/jpeg","source_url":"https:\/\/www.slovenia-convention.com\/wp-content\/uploads\/Mesecev-zaliv_foto_Jaka-Ivancic-696x464.jpg"},"td_1068x0":{"file":"Mesecev-zaliv_foto_Jaka-Ivancic-1068x712.jpg","width":1068,"height":712,"filesize":146354,"mime_type":"image\/jpeg","source_url":"https:\/\/www.slovenia-convention.com\/wp-content\/uploads\/Mesecev-zaliv_foto_Jaka-Ivancic-1068x712.jpg"},"td_0x420":{"file":"Mesecev-zaliv_foto_Jaka-Ivancic-630x420.jpg","width":630,"height":420,"filesize":55821,"mime_type":"image\/jpeg","source_url":"https:\/\/www.slovenia-convention.com\/wp-content\/uploads\/Mesecev-zaliv_foto_Jaka-Ivancic-630x420.jpg"},"td_80x60":{"file":"Mesecev-zaliv_foto_Jaka-Ivancic-80x60.jpg","width":80,"height":60,"filesize":2053,"mime_type":"image\/jpeg","source_url":"https:\/\/www.slovenia-convention.com\/wp-content\/uploads\/Mesecev-zaliv_foto_Jaka-Ivancic-80x60.jpg"},"td_100x70":{"file":"Mesecev-zaliv_foto_Jaka-Ivancic-100x70.jpg","width":100,"height":70,"filesize":2578,"mime_type":"image\/jpeg","source_url":"https:\/\/www.slovenia-convention.com\/wp-content\/uploads\/Mesecev-zaliv_foto_Jaka-Ivancic-100x70.jpg"},"td_265x198":{"file":"Mesecev-zaliv_foto_Jaka-Ivancic-265x198.jpg","width":265,"height":198,"filesize":12962,"mime_type":"image\/jpeg","source_url":"https:\/\/www.slovenia-convention.com\/wp-content\/uploads\/Mesecev-zaliv_foto_Jaka-Ivancic-265x198.jpg"},"td_324x160":{"file":"Mesecev-zaliv_foto_Jaka-Ivancic-324x160.jpg","width":324,"height":160,"filesize":12509,"mime_type":"image\/jpeg","source_url":"https:\/\/www.slovenia-convention.com\/wp-content\/uploads\/Mesecev-zaliv_foto_Jaka-Ivancic-324x160.jpg"},"td_324x235":{"file":"Mesecev-zaliv_foto_Jaka-Ivancic-324x235.jpg","width":324,"height":235,"filesize":18023,"mime_type":"image\/jpeg","source_url":"https:\/\/www.slovenia-convention.com\/wp-content\/uploads\/Mesecev-zaliv_foto_Jaka-Ivancic-324x235.jpg"},"td_356x220":{"file":"Mesecev-zaliv_foto_Jaka-Ivancic-356x220.jpg","width":356,"height":220,"filesize":18374,"mime_type":"image\/jpeg","source_url":"https:\/\/www.slovenia-convention.com\/wp-content\/uploads\/Mesecev-zaliv_foto_Jaka-Ivancic-356x220.jpg"},"td_356x364":{"file":"Mesecev-zaliv_foto_Jaka-Ivancic-356x364.jpg","width":356,"height":364,"filesize":30132,"mime_type":"image\/jpeg","source_url":"https:\/\/www.slovenia-convention.com\/wp-content\/uploads\/Mesecev-zaliv_foto_Jaka-Ivancic-356x364.jpg"},"td_533x261":{"file":"Mesecev-zaliv_foto_Jaka-Ivancic-533x261.jpg","width":533,"height":261,"filesize":31196,"mime_type":"image\/jpeg","source_url":"https:\/\/www.slovenia-convention.com\/wp-content\/uploads\/Mesecev-zaliv_foto_Jaka-Ivancic-533x261.jpg"},"td_534x462":{"file":"Mesecev-zaliv_foto_Jaka-Ivancic-534x462.jpg","width":534,"height":462,"filesize":53531,"mime_type":"image\/jpeg","source_url":"https:\/\/www.slovenia-convention.com\/wp-content\/uploads\/Mesecev-zaliv_foto_Jaka-Ivancic-534x462.jpg"},"td_696x385":{"file":"Mesecev-zaliv_foto_Jaka-Ivancic-696x385.jpg","width":696,"height":385,"filesize":56566,"mime_type":"image\/jpeg","source_url":"https:\/\/www.slovenia-convention.com\/wp-content\/uploads\/Mesecev-zaliv_foto_Jaka-Ivancic-696x385.jpg"},"td_741x486":{"file":"Mesecev-zaliv_foto_Jaka-Ivancic-741x486.jpg","width":741,"height":486,"filesize":74453,"mime_type":"image\/jpeg","source_url":"https:\/\/www.slovenia-convention.com\/wp-content\/uploads\/Mesecev-zaliv_foto_Jaka-Ivancic-741x486.jpg"},"td_1068x580":{"file":"Mesecev-zaliv_foto_Jaka-Ivancic-1068x580.jpg","width":1068,"height":580,"filesize":119950,"mime_type":"image\/jpeg","source_url":"https:\/\/www.slovenia-convention.com\/wp-content\/uploads\/Mesecev-zaliv_foto_Jaka-Ivancic-1068x580.jpg"},"mailpoet_newsletter_max":{"file":"Mesecev-zaliv_foto_Jaka-Ivancic-1320x880.jpg","width":1320,"height":880,"filesize":212848,"mime_type":"image\/jpeg","source_url":"https:\/\/www.slovenia-convention.com\/wp-content\/uploads\/Mesecev-zaliv_foto_Jaka-Ivancic-1320x880.jpg"},"full":{"file":"Mesecev-zaliv_foto_Jaka-Ivancic.jpg","width":1600,"height":1067,"mime_type":"image\/jpeg","source_url":"https:\/\/www.slovenia-convention.com\/wp-content\/uploads\/Mesecev-zaliv_foto_Jaka-Ivancic.jpg"}},"image_meta":{"aperture":"0","credit":"","camera":"","caption":"","created_timestamp":"0","copyright":"","focal_length":"0","iso":"0","shutter_speed":"0","title":"","orientation":"0","keywords":[]}},"post":18528,"source_url":"https:\/\/www.slovenia-convention.com\/wp-content\/uploads\/Mesecev-zaliv_foto_Jaka-Ivancic.jpg","_links":{"self":[{"href":"https:\/\/www.slovenia-convention.com\/sl\/wp-json\/wp\/v2\/media\/18529","targetHints":{"allow":["GET"]}}],"collection":[{"href":"https:\/\/www.slovenia-convention.com\/sl\/wp-json\/wp\/v2\/media"}],"about":[{"href":"https:\/\/www.slovenia-convention.com\/sl\/wp-json\/wp\/v2\/types\/attachment"}],"author":[{"embeddable":true,"href":"https:\/\/www.slovenia-convention.com\/sl\/wp-json\/wp\/v2\/users\/2"}],"replies":[{"embeddable":true,"href":"https:\/\/www.slovenia-convention.com\/sl\/wp-json\/wp\/v2\/comments?post=18529"}],"wp:attached-to":[{"embeddable":true,"post_type":"post","id":18528,"href":"https:\/\/www.slovenia-convention.com\/sl\/wp-json\/wp\/v2\/posts\/18528"}],"curies":[{"name":"wp","href":"https:\/\/api.w.org\/{rel}","templated":true}]}}

Mesečev zaliv_foto_Jaka Ivančič

<p class="attachment"><a href='https://www.slovenia-convention.com/wp-content/uploads/Mesecev-zaliv_foto_Jaka-Ivancic.jpg'><img loading="lazy" decoding="async" width="300" height="300" src="https://www.slovenia-convention.com/wp-content/uploads/Mesecev-zaliv_foto_Jaka-Ivancic-300x300.jpg" class="attachment-medium size-medium" alt="Mesečev zaliv, Jaka Ivančič" srcset="https://www.slovenia-convention.com/wp-content/uploads/Mesecev-zaliv_foto_Jaka-Ivancic-300x300.jpg 300w, https://www.slovenia-convention.com/wp-content/uploads/Mesecev-zaliv_foto_Jaka-Ivancic-150x150.jpg 150w" sizes="auto, (max-width: 300px) 100vw, 300px" /></a></p>
<p>Mesečev zaliv_foto_Jaka Ivančič</p>

<p>Mesečev zaliv_foto_Jaka Ivančič</p>

Mesečev zaliv, Jaka Ivančič
